{"id":1247,"date":"2022-03-18T11:55:43","date_gmt":"2022-03-18T11:55:43","guid":{"rendered":"https:\/\/offy.pt\/?page_id=1247"},"modified":"2022-03-21T11:33:28","modified_gmt":"2022-03-21T11:33:28","slug":"privacidade","status":"publish","type":"page","link":"https:\/\/offy.pt\/index.php\/privacidade\/","title":{"rendered":"Privacy &#8211; PT"},"content":{"rendered":"[vc_row type=&#8221;in_container&#8221; full_screen_row_position=&#8221;middle&#8221; scene_position=&#8221;center&#8221; text_color=&#8221;dark&#8221; text_align=&#8221;left&#8221; overlay_strength=&#8221;0.3&#8243; shape_divider_position=&#8221;bottom&#8221; bg_image_animation=&#8221;none&#8221;][vc_column column_padding=&#8221;no-extra-padding&#8221; column_padding_position=&#8221;all&#8221; background_color_opacity=&#8221;1&#8243; background_hover_color_opacity=&#8221;1&#8243; column_link_target=&#8221;_self&#8221; column_shadow=&#8221;none&#8221; column_border_radius=&#8221;none&#8221; width=&#8221;1\/1&#8243; tablet_width_inherit=&#8221;default&#8221; tablet_text_alignment=&#8221;default&#8221; phone_text_alignment=&#8221;default&#8221; column_border_width=&#8221;none&#8221; column_border_style=&#8221;solid&#8221; bg_image_animation=&#8221;none&#8221; enable_animation=&#8221;true&#8221; animation=&#8221;fade-in-from-bottom&#8221;][vc_custom_heading text=&#8221;PRIVACY POLICY&#8221; font_container=&#8221;tag:h3|text_align:left|color:%23009cdb&#8221; use_theme_fonts=&#8221;yes&#8221;][\/vc_column][\/vc_row][vc_row type=&#8221;in_container&#8221; full_screen_row_position=&#8221;middle&#8221; scene_position=&#8221;center&#8221; text_color=&#8221;dark&#8221; text_align=&#8221;left&#8221; overlay_strength=&#8221;0.3&#8243; shape_divider_position=&#8221;bottom&#8221; bg_image_animation=&#8221;none&#8221;][vc_column column_padding=&#8221;no-extra-padding&#8221; column_padding_position=&#8221;all&#8221; background_color_opacity=&#8221;1&#8243; background_hover_color_opacity=&#8221;1&#8243; column_link_target=&#8221;_self&#8221; column_shadow=&#8221;none&#8221; column_border_radius=&#8221;none&#8221; width=&#8221;1\/1&#8243; tablet_width_inherit=&#8221;default&#8221; tablet_text_alignment=&#8221;default&#8221; phone_text_alignment=&#8221;default&#8221; column_border_width=&#8221;none&#8221; column_border_style=&#8221;solid&#8221; bg_image_animation=&#8221;none&#8221; enable_animation=&#8221;true&#8221; animation=&#8221;fade-in-from-bottom&#8221;][vc_column_text]Este website e o seu conte\u00fado s\u00e3o propriedade de FJMPC &#8211; Inform\u00e1tica, Com\u00e9rcio e Servi\u00e7os, Lda.<br \/>\nEsta pol\u00edtica de privacidade explica como a nossa organiza\u00e7\u00e3o usa os dados pessoais que recolhemos sobre si quando usa nosso website.<\/p>\n<p>T\u00f3picos:<br \/>\n1) Que dados recolhemos?<br \/>\n2) Como recolhemos os seus dados?<br \/>\n3) Como usamos os seus dados?<br \/>\n4) Como armazenamos os seus dados?<br \/>\n5) Marketing<br \/>\n6) Quais s\u00e3o os seus direitos de prote\u00e7\u00e3o de dados?<br \/>\n7) Privacidade das crian\u00e7as<br \/>\n8) O que s\u00e3o cookies?<br \/>\n9) De que forma usamos cookies?<br \/>\n10) Que tipos de cookies usamos?<br \/>\n11) Como gerir os seus cookies<br \/>\n12) Pol\u00edticas de privacidade de outros websites<br \/>\n13) Altera\u00e7\u00f5es \u00e0 nossa pol\u00edtica de privacidade<br \/>\n14) Como entrar em contato connosco<br \/>\n15) Como entrar em contato com as autoridades competentes<\/p>\n<p><strong>1) Que dados recolhemos?<\/strong><\/p>\n<p>Dados pessoais<br \/>\nAo usar o nosso servi\u00e7o, podemos solicitar que nos forne\u00e7a determinadas informa\u00e7\u00f5es de identifica\u00e7\u00e3o pessoal que podem ser usadas para contat\u00e1-lo ou identific\u00e1-lo.<br \/>\nAs informa\u00e7\u00f5es de identifica\u00e7\u00e3o pessoal podem incluir, mas n\u00e3o se limitam a:<br \/>\n&#8211; Primeiro e \u00faltimo nome<br \/>\n&#8211; Endere\u00e7o de email<\/p>\n<p>Dados de utiliza\u00e7\u00e3o<br \/>\nOs dados de utiliza\u00e7\u00e3o s\u00e3o recolhidos automaticamente ao usar o nosso servi\u00e7o.<br \/>\nOs dados de utiliza\u00e7\u00e3o podem incluir informa\u00e7\u00f5es como o endere\u00e7o de protocolo de internet do seu dispositivo (endere\u00e7o IP), tipo de navegador, vers\u00e3o do navegador, as p\u00e1ginas do nosso website que visita, a hora e a data da sua visita, o tempo gasto nessas p\u00e1ginas, identificadores exclusivos do dispositivo e outros dados de diagn\u00f3stico.<br \/>\nQuando acede ao nosso servi\u00e7o por meio de um dispositivo m\u00f3vel, podemos recolher certas informa\u00e7\u00f5es automaticamente, incluindo mas n\u00e3o se limitando, ao tipo de dispositivo m\u00f3vel que usado, o ID exclusivo do seu dispositivo m\u00f3vel, o endere\u00e7o IP do seu dispositivo m\u00f3vel, o sistema operativo, o tipo de navegador de internet, identificadores exclusivos de dispositivo e outros dados de diagn\u00f3stico.<br \/>\nTamb\u00e9m podemos recolher informa\u00e7\u00f5es que o seu navegador envia sempre que visita o nosso servi\u00e7o.<\/p>\n<p><strong>2) Como recolhemos os seus dados?<\/strong><br \/>\nRecolhemos dados e processamos dados quando:<br \/>\n&#8211; Participa voluntariamente numa pesquisa de mercado ou fornece feedback em qualquer um dos nossos quadros de mensagens ou por e-mail.<br \/>\n&#8211; Envia uma mensagem atrav\u00e9s dos formul\u00e1rios de contato do nosso website.<br \/>\n&#8211; Usa ou visualiza o nosso website atrav\u00e9s dos cookies do seu navegador.<\/p>\n<p><strong>3) Como usamos os seus dados?<\/strong><br \/>\nA nossa organiza\u00e7\u00e3o recolhe os seus dados para que possamos fornecer suporte ao produto e ao utilizador.<\/p>\n<p><strong>4) Como armazenamos os seus dados?<\/strong><br \/>\nGarantimos que adot\u00e1mos as medidas t\u00e9cnicas e organizacionais necess\u00e1rias para garantir a seguran\u00e7a dos dados em todas as nossas bases de dados.<br \/>\nOs seus dados ser\u00e3o armazenados apenas pelo tempo necess\u00e1rio para fornecer o servi\u00e7o ou suporte pretendido.<\/p>\n<p><strong>5) Marketing<\/strong><br \/>\nGostar\u00edamos de lhe enviar informa\u00e7\u00f5es sobre produtos e servi\u00e7os nossos que achamos que possa gostar.<br \/>\nSe concordou em receber mensagens de marketing, poder\u00e1 sempre optar posteriormente por n\u00e3o participar.<br \/>\nTem o direito de, a qualquer momento, impedir que entremos em contato consigo para finalidades de marketing. Caso n\u00e3o deseja ser mais contatado para fins de marketing, informe-nos atrav\u00e9s do formul\u00e1rio de contato presente na nossa p\u00e1gina de contato.<\/p>\n<p><strong>6) Quais s\u00e3o os seus direitos de prote\u00e7\u00e3o de dados?<\/strong><br \/>\nGostar\u00edamos de ter certeza de que est\u00e1 totalmente informado de todos os seus direitos de prote\u00e7\u00e3o de dados.<br \/>\nTodo o utilizador tem direito aos seguintes:<br \/>\nDireito de acesso &#8211; Tem o direito de solicitar c\u00f3pias dos seus dados pessoais. Podemos cobrar uma pequena taxa por este servi\u00e7o.<br \/>\nDireito de retifica\u00e7\u00e3o &#8211; Tem o direito de solicitar que corrijamos qualquer informa\u00e7\u00e3o que acredite estar imprecisa. Tamb\u00e9m tem o direito de solicitar para complementar informa\u00e7\u00e3o que acredita estar incompleta.<br \/>\nDireito de eliminar &#8211; Tem o direito de solicitar que eliminemos os seus dados pessoais, sob certas condi\u00e7\u00f5es.<br \/>\nDireito de restringir o processamento &#8211; Tem o direito de solicitar que restrinjamos o processamento dos seus dados pessoais, sob certas condi\u00e7\u00f5es.<br \/>\nDireito de se opor ao processamento &#8211; Tem o direito de se opor ao processamento dos seus dados pessoais, sob certas condi\u00e7\u00f5es.<br \/>\nDireito \u00e0 portabilidade de dados &#8211; Tem o direito de solicitar que transfiramos os dados que recolhemos para outra entidade, ou diretamente para si, sob certas condi\u00e7\u00f5es.<br \/>\nAo fazer uma solicita\u00e7\u00e3o, temos o prazo de um m\u00eas para responder. Caso deseje exercer algum destes direitos, entre em contato connosco atrav\u00e9s do formul\u00e1rio de contato presente na p\u00e1gina de contato.<\/p>\n<p><strong>7) Privacidade das crian\u00e7as<\/strong><br \/>\nN\u00e3o recolhemos intencionalmente informa\u00e7\u00f5es de identifica\u00e7\u00e3o pessoal de menores de 13 anos.<br \/>\nCaso seja entidade paternal ou respons\u00e1vel legal, e est\u00e1 ciente de que a sua crian\u00e7a nos forneceu dados pessoais, dever\u00e1 entrar em contato connosco.<br \/>\nSe tomarmos conhecimento que recolhemos dados pessoais de menores de 13 anos sem verifica\u00e7\u00e3o do consentimento dos respons\u00e1veis legais, tomaremos medidas para remover essa informa\u00e7\u00e3o das nossas bases de dados.<br \/>\nSe necessitarmos de consentimento, com base legal para poder processar as suas informa\u00e7\u00f5es, e a legisla\u00e7\u00e3o em vigor no seu pa\u00eds exigir o consentimento de um respons\u00e1vel legal, poderemos exigir esse mesmo consentimento antes de recolhermos e usarmos essas informa\u00e7\u00f5es.<\/p>\n<p><strong>8) O que s\u00e3o cookies?<\/strong><br \/>\nCookies s\u00e3o ficheiro de texto colocados no seu dispositivo para recolher informa\u00e7\u00f5es padr\u00e3o de registo da Internet e informa\u00e7\u00f5es de comportamento do visitante. Quando visita o nosso website, podemos recolher informa\u00e7\u00f5es suas automaticamente por meio de cookies ou tecnologia semelhante.<\/p>\n<p><strong>9) De que forma usamos cookies?<\/strong><br \/>\nUsamos cookies de diversas maneiras para melhorar a sua experi\u00eancia no nosso website, incluindo:<br \/>\nGoogle reCAPTCHA:<br \/>\n\u2013 Preven\u00e7\u00e3o de spam<br \/>\nGoogle Analytics: Armazenar e contabilizar visualiza\u00e7\u00f5es de p\u00e1gina<br \/>\nPolylang: Gest\u00e3o de localiza\u00e7\u00f5es\/idiomas<br \/>\nGoogle Fonts: Ler o endere\u00e7o IP do utilizador<br \/>\nFacebook:<br \/>\n\u2013 Armazenar dados da \u00faltima visita<br \/>\n\u2013 Armazenar dados da conta<br \/>\n\u2013 Armazenar um ID de sess\u00e3o<br \/>\n\u2013 Fornecer an\u00fancios ou retargeting<br \/>\n\u2013 Armazenar utilizadores com sess\u00e3o aberta<br \/>\n\u2013 Armazenar e rastrear visitas em websites<br \/>\n\u2013 Fornecer preven\u00e7\u00e3o de fraude<br \/>\n\u2013 Armazenar ID de utilizador<br \/>\n\u2013 Armazenar detalhes do navegador<br \/>\n\u2013 Armazenar detalhes de conta<br \/>\n\u2013 Ler a resolu\u00e7\u00e3o do ecr\u00e3<br \/>\n\u2013 Fornecer preven\u00e7\u00e3o de fraude<br \/>\n\u2013 Armazenar e rastrear se o tab do navegador est\u00e1 ativo<br \/>\nTwitter:<br \/>\n&#8211; Fornecer funcionalidade de balan\u00e7o de carga<br \/>\n&#8211; Armazenar se o utilizador viu conte\u00fado incorporado<br \/>\nInstagram: Armazenar frequ\u00eancia de exibi\u00e7\u00e3o de an\u00fancio<\/p>\n<p><strong>10) Que tipos de cookies usamos?<\/strong><\/p>\n<p>Cookies t\u00e9cnicos ou de funcionalidade<br \/>\nAlguns cookies garantem que certos componentes do website funcionam corretamente e que as prefer\u00eancias do utilizador s\u00e3o identificadas e memorizadas. Ao usar cookies de funcionalidade, facilitamos a sua visita ao nosso website. Desta forma, n\u00e3o precisa de inserir repetidamente as mesmas informa\u00e7\u00f5es ao visitar o nosso website e, por exemplo, os itens permanecem no seu carrinho de compras at\u00e9 que realize o pagamento da encomenda. Podemos colocar estes cookies sem o seu consentimento.<\/p>\n<p>Cookies de estat\u00edsticas<br \/>\nUsamos cookies estat\u00edsticos para otimizar a experi\u00eancia do website para todos os utilizadores. Com estes cookies estat\u00edsticos, obtemos informa\u00e7\u00f5es sobre a utiliza\u00e7\u00e3o do nosso website. Pedimos a sua permiss\u00e3o para colocar cookies de estat\u00edsticas.<\/p>\n<p>Cookies de marketing<br \/>\nOs cookies de marketing\/rastreamento s\u00e3o usados para criar perfis de utilizador, de forma a exibir publicidade ou rastrear o utilizador neste website ou noutros, para fins de marketing semelhantes. Pedimos a sua permiss\u00e3o para colocar cookies de marketing.<\/p>\n<p><strong>11) Como gerir os seus cookies<\/strong><br \/>\nPoder\u00e1 configurar o seu navegador para n\u00e3o aceitar cookies. No entanto, em alguns casos, alguns dos recursos do nosso website poder\u00e3o n\u00e3o funcionar como resultado.<\/p>\n<p><strong>12) Pol\u00edticas de privacidade de outros websites<\/strong><br \/>\nO nosso website possui links para outros websites. A nossa pol\u00edtica de privacidade aplica-se apenas ao nosso website, portanto, ao clicar num link para outro website, dever\u00e1 consultar a sua pol\u00edtica de privacidade.<\/p>\n<p><strong>13) Altera\u00e7\u00f5es \u00e0 nossa pol\u00edtica de privacidade<\/strong><br \/>\nA nossa pol\u00edtica de privacidade est\u00e1 sujeita a uma revis\u00e3o regular e fazemos atualiza\u00e7\u00f5es nesta p\u00e1gina da web. Esta pol\u00edtica de privacidade foi atualizada pela \u00faltima vez em 16\/03\/2022.<\/p>\n<p><strong>14) Como entrar em contato connosco<\/strong><br \/>\nCaso tenha alguma d\u00favida sobre a nossa pol\u00edtica de privacidade, os dados que mantemos sobre si ou se desejar exercer algum dos seus direitos de prote\u00e7\u00e3o de dados, n\u00e3o hesite em contatar-nos.<br \/>\nDever\u00e1 faz\u00ea-lo atrav\u00e9s do formul\u00e1rio na <a href=\"https:\/\/offy.pt\/index.php\/contacto\/\">p\u00e1gina de contato<\/a>.<\/p>\n<p><strong>15) Como entrar em contato com as autoridades competentes<\/strong><br \/>\nCaso deseje fazer uma reclama\u00e7\u00e3o ou se achar que n\u00e3o abord\u00e1mos a sua preocupa\u00e7\u00e3o de forma satisfat\u00f3ria, poder\u00e1 entrar em contato com a <a href=\"https:\/\/edps.europa.eu\/data-protection\/our-role-supervisor\/complaints_en\" target=\"_blank\" rel=\"noopener\">Autoridade Europeia para a Prote\u00e7\u00e3o de Dados<\/a>.[\/vc_column_text][\/vc_column][\/vc_row]\n","protected":false},"excerpt":{"rendered":"<p>[vc_row type=&#8221;in_container&#8221; full_screen_row_position=&#8221;middle&#8221; scene_position=&#8221;center&#8221; text_color=&#8221;dark&#8221; text_align=&#8221;left&#8221; overlay_strength=&#8221;0.3&#8243; shape_divider_position=&#8221;bottom&#8221; bg_image_animation=&#8221;none&#8221;][vc_column column_padding=&#8221;no-extra-padding&#8221; column_padding_position=&#8221;all&#8221; background_color_opacity=&#8221;1&#8243; background_hover_color_opacity=&#8221;1&#8243; column_link_target=&#8221;_self&#8221; column_shadow=&#8221;none&#8221; column_border_radius=&#8221;none&#8221; width=&#8221;1\/1&#8243; tablet_width_inherit=&#8221;default&#8221; tablet_text_alignment=&#8221;default&#8221; phone_text_alignment=&#8221;default&#8221; column_border_width=&#8221;none&#8221; column_border_style=&#8221;solid&#8221; bg_image_animation=&#8221;none&#8221; enable_animation=&#8221;true&#8221; animation=&#8221;fade-in-from-bottom&#8221;][vc_custom_heading text=&#8221;PRIVACY POLICY&#8221; font_container=&#8221;tag:h3|text_align:left|color:%23009cdb&#8221; use_theme_fonts=&#8221;yes&#8221;][\/vc_column][\/vc_row][vc_row type=&#8221;in_container&#8221;&#8230;<\/p>\n","protected":false},"author":1,"featured_media":0,"parent":0,"menu_order":0,"comment_status":"closed","ping_status":"closed","template":"","meta":{"footnotes":""},"class_list":["post-1247","page","type-page","status-publish"],"yoast_head":"<!-- This site is optimized with the Yoast SEO plugin v27.3 - https:\/\/yoast.com\/product\/yoast-seo-wordpress\/ -->\n<title>Offy - Privacidade<\/title>\n<meta name=\"description\" content=\"Informa\u00e7\u00e3o relativa \u00e0 nossa pol\u00edtica de privacidade.\" \/>\n<meta name=\"robots\" content=\"index, follow, max-snippet:-1, max-image-preview:large, max-video-preview:-1\" \/>\n<link rel=\"canonical\" href=\"https:\/\/offy.pt\/index.php\/privacidade\/\" \/>\n<meta property=\"og:locale\" content=\"en_GB\" \/>\n<meta property=\"og:type\" content=\"article\" \/>\n<meta property=\"og:title\" content=\"Offy - Privacidade\" \/>\n<meta property=\"og:description\" content=\"Informa\u00e7\u00e3o relativa \u00e0 nossa pol\u00edtica de privacidade.\" \/>\n<meta property=\"og:url\" content=\"https:\/\/offy.pt\/index.php\/privacidade\/\" \/>\n<meta property=\"og:site_name\" content=\"Offy\" \/>\n<meta property=\"article:modified_time\" content=\"2022-03-21T11:33:28+00:00\" \/>\n<meta name=\"twitter:card\" content=\"summary_large_image\" \/>\n<meta name=\"twitter:label1\" content=\"Estimated reading time\" \/>\n\t<meta name=\"twitter:data1\" content=\"9 minutes\" \/>\n<script type=\"application\/ld+json\" class=\"yoast-schema-graph\">{\"@context\":\"https:\\\/\\\/schema.org\",\"@graph\":[{\"@type\":\"WebPage\",\"@id\":\"https:\\\/\\\/offy.pt\\\/index.php\\\/privacidade\\\/\",\"url\":\"https:\\\/\\\/offy.pt\\\/index.php\\\/privacidade\\\/\",\"name\":\"Offy - Privacidade\",\"isPartOf\":{\"@id\":\"https:\\\/\\\/offy.pt\\\/#website\"},\"datePublished\":\"2022-03-18T11:55:43+00:00\",\"dateModified\":\"2022-03-21T11:33:28+00:00\",\"description\":\"Informa\u00e7\u00e3o relativa \u00e0 nossa pol\u00edtica de privacidade.\",\"breadcrumb\":{\"@id\":\"https:\\\/\\\/offy.pt\\\/index.php\\\/privacidade\\\/#breadcrumb\"},\"inLanguage\":\"en-GB\",\"potentialAction\":[{\"@type\":\"ReadAction\",\"target\":[\"https:\\\/\\\/offy.pt\\\/index.php\\\/privacidade\\\/\"]}]},{\"@type\":\"BreadcrumbList\",\"@id\":\"https:\\\/\\\/offy.pt\\\/index.php\\\/privacidade\\\/#breadcrumb\",\"itemListElement\":[{\"@type\":\"ListItem\",\"position\":1,\"name\":\"Home\",\"item\":\"https:\\\/\\\/offy.pt\\\/\"},{\"@type\":\"ListItem\",\"position\":2,\"name\":\"Privacy &#8211; PT\"}]},{\"@type\":\"WebSite\",\"@id\":\"https:\\\/\\\/offy.pt\\\/#website\",\"url\":\"https:\\\/\\\/offy.pt\\\/\",\"name\":\"Offy - Equipamento de Escrit\u00f3rio\",\"description\":\"\",\"potentialAction\":[{\"@type\":\"SearchAction\",\"target\":{\"@type\":\"EntryPoint\",\"urlTemplate\":\"https:\\\/\\\/offy.pt\\\/?s={search_term_string}\"},\"query-input\":{\"@type\":\"PropertyValueSpecification\",\"valueRequired\":true,\"valueName\":\"search_term_string\"}}],\"inLanguage\":\"en-GB\"}]}<\/script>\n<!-- \/ Yoast SEO plugin. -->","yoast_head_json":{"title":"Offy - Privacidade","description":"Informa\u00e7\u00e3o relativa \u00e0 nossa pol\u00edtica de privacidade.","robots":{"index":"index","follow":"follow","max-snippet":"max-snippet:-1","max-image-preview":"max-image-preview:large","max-video-preview":"max-video-preview:-1"},"canonical":"https:\/\/offy.pt\/index.php\/privacidade\/","og_locale":"en_GB","og_type":"article","og_title":"Offy - Privacidade","og_description":"Informa\u00e7\u00e3o relativa \u00e0 nossa pol\u00edtica de privacidade.","og_url":"https:\/\/offy.pt\/index.php\/privacidade\/","og_site_name":"Offy","article_modified_time":"2022-03-21T11:33:28+00:00","twitter_card":"summary_large_image","twitter_misc":{"Estimated reading time":"9 minutes"},"schema":{"@context":"https:\/\/schema.org","@graph":[{"@type":"WebPage","@id":"https:\/\/offy.pt\/index.php\/privacidade\/","url":"https:\/\/offy.pt\/index.php\/privacidade\/","name":"Offy - Privacidade","isPartOf":{"@id":"https:\/\/offy.pt\/#website"},"datePublished":"2022-03-18T11:55:43+00:00","dateModified":"2022-03-21T11:33:28+00:00","description":"Informa\u00e7\u00e3o relativa \u00e0 nossa pol\u00edtica de privacidade.","breadcrumb":{"@id":"https:\/\/offy.pt\/index.php\/privacidade\/#breadcrumb"},"inLanguage":"en-GB","potentialAction":[{"@type":"ReadAction","target":["https:\/\/offy.pt\/index.php\/privacidade\/"]}]},{"@type":"BreadcrumbList","@id":"https:\/\/offy.pt\/index.php\/privacidade\/#breadcrumb","itemListElement":[{"@type":"ListItem","position":1,"name":"Home","item":"https:\/\/offy.pt\/"},{"@type":"ListItem","position":2,"name":"Privacy &#8211; PT"}]},{"@type":"WebSite","@id":"https:\/\/offy.pt\/#website","url":"https:\/\/offy.pt\/","name":"Offy - Equipamento de Escrit\u00f3rio","description":"","potentialAction":[{"@type":"SearchAction","target":{"@type":"EntryPoint","urlTemplate":"https:\/\/offy.pt\/?s={search_term_string}"},"query-input":{"@type":"PropertyValueSpecification","valueRequired":true,"valueName":"search_term_string"}}],"inLanguage":"en-GB"}]}},"_links":{"self":[{"href":"https:\/\/offy.pt\/index.php\/wp-json\/wp\/v2\/pages\/1247","targetHints":{"allow":["GET"]}}],"collection":[{"href":"https:\/\/offy.pt\/index.php\/wp-json\/wp\/v2\/pages"}],"about":[{"href":"https:\/\/offy.pt\/index.php\/wp-json\/wp\/v2\/types\/page"}],"author":[{"embeddable":true,"href":"https:\/\/offy.pt\/index.php\/wp-json\/wp\/v2\/users\/1"}],"replies":[{"embeddable":true,"href":"https:\/\/offy.pt\/index.php\/wp-json\/wp\/v2\/comments?post=1247"}],"version-history":[{"count":7,"href":"https:\/\/offy.pt\/index.php\/wp-json\/wp\/v2\/pages\/1247\/revisions"}],"predecessor-version":[{"id":1263,"href":"https:\/\/offy.pt\/index.php\/wp-json\/wp\/v2\/pages\/1247\/revisions\/1263"}],"wp:attachment":[{"href":"https:\/\/offy.pt\/index.php\/wp-json\/wp\/v2\/media?parent=1247"}],"curies":[{"name":"wp","href":"https:\/\/api.w.org\/{rel}","templated":true}]}}